tor of r and h.
29
Let h(b) = 12*b**3 + 2*b**2 - 9*b + 13. Let c be h(2). What is the greatest common divisor of c and 143?
11
Suppose h + 3*x + 34 = 0, 6*x = 5*h + 2*x + 170. Let n = 51 + h. What is the greatest common factor of n and 119?
17
Let m = -27 + 42. Let r(n) = 29*n + 238. Let z be r(-8). What is the greatest common divisor of m and z?
3
Let m = -159 - -171. What is the highest common divisor of m and 8?
4
Let w be (-6)/(-10) + 8/20. Let a be (-15)/(-4) - w/(-4). Suppose c + 3*z - 37 = -a*c, 5*z = -5. Calculate the greatest common factor of 1 and c.
1
Let f be 4/(-3) - (-39)/9*28. Suppose v - f = -2*v. What is the highest common divisor of 16 and v?
8
Let m be -104 + (3/5 - 4/(-10)). Let n = -37 - m. What is the greatest common factor of n and 6?
6
Suppose 12 = -3*p - 5*z, 0 = -0*z + 2*z. Let o be 48/(-28)*14/p. Let h = -3 - -6. What is the greatest common divisor of o and h?
3
Suppose 8*l - 6720 = -8*l. Calculate the highest common factor of l and 28.
28
Let y be (30/24 - (-84)/(-16))*-1. Suppose -g - 13 = -3*k, 3*g + k + 3 = 4. Let w be (g + -23)/(2/(-3)). Calculate the greatest common divisor of y and w.
4
Suppose -56 = x - 4*x + 5*l, -3*x + 40 = -l. Let p = -6 + x. Let n(a) = 2*a + 3. Let j be n(p). Calculate the highest common divisor of j and 5.
5
Suppose 40*m + 32*m - 40 = 67*m. Let l(h) = 2*h**3 - 5*h**2 - h. Let u be l(5). What is the highest common divisor of u and m?
8
Suppose 4*b = 2*v + 388, -b = 3*v - 77 - 20. Let u = b - 89. Calculate the highest common divisor of u and 1.
1
Let q(k) = -3*k - k - k**2 + 50 + 16 + 0*k. Let r be q(0). What is the highest common factor of 165 and r?
33
Let y be (3 + (-120)/16)*(-8)/6. What is the greatest common divisor of 246 and y?
6
Let q be -3 - ((-18)/45 + 86/(-10)). Suppose 0*t + t + 3 = 0. Let c = 3 - t. What is the highest common factor of c and q?
6
Let c be 124/4 - 0*2/(-4). Suppose c*q - 280 = 26*q. What is the greatest common divisor of q and 8?
8
Suppose 0 = -0*y - 2*y + 40. Suppose y = 5*c - 25. Let b(q) = -13*q - 259. Let r be b(-20). Calculate the highest common factor of c and r.
1
Let c = -16 - -18. Suppose 12 = -4*n, -2*q - 57 = -5*q + n. What is the greatest common factor of q and c?
2
Let l = 720 + -430. What is the greatest common factor of l and 30?
10
Let u(y) be the second derivative of 5*y**3/6 + 25*y**2/2 + 20*y. Let l be u(11). Calculate the greatest common divisor of l and 32.
16
Let z(j) = -5*j**2 - 8*j - 17. Let h be z(-5). Let v = h - -104. What is the highest common divisor of 2 and v?
2
Let a(k) = -11*k**3 + 2*k - 1. Let t be a(1). Let u = 21 + t. Suppose c = 185 - 64. Calculate the greatest common factor of u and c.
11
Let d be -2 + 24 + 3/1. Calculate the highest common factor of 475 and d.
25
Let a = 1 + 2. Suppose 4*w = -2*f + 102, -3*f - f - 4*w = -220. Let b be f - (-2 - (-4 + a)). What is the greatest common factor of 24 and b?
12
Let h = -41 + 3. Let o = h + 57. Calculate the greatest common factor of o and 76.
19
Suppose -2*t + 2 = m - 3, 0 = 4*m - 5*t - 20. Suppose m*p - 20 = -5. Suppose 8*d - 50 = p*d. What is the highest common divisor of d and 70?
10
Let p be (36/24)/(-1 + (-4358)/(-4352)). Calculate the highest common factor of 64 and p.
64
Let h = -281 + 403. Let y = h - 89. Calculate the highest common divisor of 264 and y.
33
Let q = 307 - 136. Suppose q = 9*c - 153. Calculate the greatest common divisor of 6 and c.
6
Let t be (17/((-68)/(-80)))/2. Calculate the greatest common factor of 105 and t.
5
Suppose d - 25 = 261. Let i be 32/(-4)*45/(-12). Suppose t + o - i = 3*o, 0 = -3*t + 4*o + 86. What is the greatest common divisor of d and t?
26
Let g(x) = 9*x**2 - 19*x - 33. Let j be g(7). What is the highest common factor of 44 and j?
11
Let w(l) = 8*l**2 - 2*l - 4. Let h be w(3). Let v = h - 38. What is the highest common factor of v and 120?
24
Let d = -566 + 633. Calculate the greatest common divisor of d and 1541.
67
Let z = -324 + 1085. Suppose -8*g + 383 + z = 0. Calculate the greatest common divisor of g and 26.
13
Let l(y) = -y**3 + 25*y**2 + 6*y + 18. Let z be l(25). What is the greatest common factor of z and 72?
24
Suppose -5*u = -324 + 249. Suppose -28 = -5*z + f, 0*f - 29 = -4*z + 3*f. Calculate the highest common factor of u and z.
5
Let b = -259 - -284. What is the highest common divisor of b and 275?
25
Let k = 8 - -6. Let y(x) = x**2 - 14. Let j(d) = -d**3 + 15*d**2 + 15*d + 9. Let p be j(16). Let f be y(p). Calculate the greatest common factor of f and k.
7
Let i(k) = -2*k**3 + 82*k**2 - 4*k + 169. Let l be i(41). Calculate the greatest common divisor of 160 and l.
5
Suppose -g - 19 = -2*n, -2*n + 4*g + 49 = 3*n. Suppose n*q = -16 + 124. Calculate the greatest common factor of q and 96.
12
Let d = -173 - -197. Calculate the highest common divisor of 36 and d.
12
Let u be (8/(-12))/((-26)/6279). Calculate the greatest common divisor of u and 46.
23
Suppose -180*m + 177*m + 144 = 0. Calculate the highest common factor of 516 and m.
12
Suppose 2807 = 3*c - 3*t + 5*t, 5*t - 1886 = -2*c. Suppose 4*o - c = -33. What is the highest common factor of o and 25?
25
Let g = 596 + -551. What is the highest common divisor of 15 and g?
15
Let m = 7 - 10. Let n be (-24)/m*66/4. What is the greatest common divisor of 12 and n?
12
Suppose 10*s + 315 = 5*s. Let j = s - -100. What is the highest common factor of j and 259?
37
Let x(t) = 21*t**2 + t - 1. Let v be x(-1). Calculate the greatest common divisor of 133 and v.
19
Suppose 3*b + 6 = -48. Let i = 21 + b. Suppose -i*h = -17 - 1. What is the greatest common divisor of h and 30?
6
Let i(p) = -12*p. Let d be i(4). Let a be (-4)/(d/9)*52. Let z = -97 + 110. What is the greatest common factor of a and z?
13
Let d(k) = -k**2 - 8*k + 13. Let a be d(-9). Suppose -a*f + 36 = -0*f. What is the greatest common divisor of 1 and f?
1
Let p = 774 - 752. Let t(z) = 28*z**2 + z. Let f be t(-2). What is the highest common divisor of p and f?
22
Suppose 26*w = 22*w. Suppose w = -5*u - 5*u + 350. What is the greatest common divisor of 5 and u?
5
Let h be (-792)/22*(1/2)/(-1). What is the highest common factor of 102 and h?
6
Let c(w) = w**3 - 15*w**2 - 13*w + 6. Let g be c(16). Let h be ((-6)/(-18))/(1/54). Calculate the highest common divisor of g and h.
18
Let x(n) = -n**2 + 9*n + 16. Let l be 15/2 - 12/(-24). Let r be x(l). What is the greatest common divisor of 4 and r?
4
Suppose 731 = 7*c - 53. Let y = c + -82. Calculate the highest common divisor of 10 and y.
10
Let a = -13 + 6. Let d(p) = p + 9. Let x be d(a). Suppose -7 = 4*q - 5*c, -q - q + 2*c - x = 0. What is the highest common divisor of q and 5?
1
Let j = 3 + 3. Let g be 28*(-1 - (-9)/j). Let m be (-1)/6 - g/(-12). Calculate the highest common divisor of m and 1.
1
Let p be 4/(-6) - (2/(-4) + (-532)/168). Let z = 0 + 3. What is the greatest common factor of p and z?
3
Suppose 0 = 6*k - k + 2*n - 1485, k + 3*n = 297. Calculate the highest common divisor of k and 33.
33
Let u(f) = -f**2 - 10*f - 4. Let j be u(-4). Let q be ((-7)/2 + 3)*-10. Suppose v - 6*v - j = -q*i, 5*v = 10. Calculate the greatest common divisor of i and 48.
6
Suppose -2*v + 0*h + h = 27, -v = -3*h + 6. Let o be 2/(-6) - 110/v. Suppose t - 336 = -5*t. What is the greatest common factor of o and t?
7
Let b be (-28)/(-10)*5/1. Let n = 1 - -2. Suppose -2*q - 328 = -2*c + n*q, q = -c + 150. What is the highest common divisor of c and b?
14
Let v(w) = 2*w**2 + 13*w + 15. Suppose -13 = -3*i + 68. Suppose 4*k = k - i. Let m be v(k). Calculate the highest common divisor of m and 30.
30
Suppose 7*q = 4*v + 2*q - 391, q - 298 = -3*v. Suppose -5*g - 3*l + 161 = -l, -5*l = 2*g - 77. Let a = -22 + g. Calculate the highest common factor of a and v.
9
Let h = 812 - 636. What is the greatest common factor of h and 48?
16
Suppose -4*s = s - 200. Let j(v) = -v - 1. Let n = -4 - 7. Let y be j(n). What is the highest common divisor of y and s?
10
Let j = 0 + -5. Let g be j/((-5)/9) - 1. Calculate the greatest common factor of 48 and g.
8
Let b(n) = -2*n**3 - 35*n**2 + 14*n - 18. Let k be b(-18). Calculate the greatest common factor of 126 and k.
18
Suppose -5 = -3*p - 17. Let y be p - (-7)/(7/18). Suppose 3*l + l = 3*s + 224, 0 = 3*s. Calculate the highest common divisor of l and y.
14
